{"id":7870,"date":"2024-11-27T18:05:50","date_gmt":"2024-11-27T17:05:50","guid":{"rendered":"https:\/\/yestoday.fr\/?post_type=product&#038;p=7870"},"modified":"2024-11-27T18:42:53","modified_gmt":"2024-11-27T17:42:53","slug":"caban-vintage-de-la-marine-nationale-tribute-to-angela","status":"publish","type":"product","link":"https:\/\/yestoday.fr\/en\/product\/caban-vintage-de-la-marine-nationale-tribute-to-angela\/","title":{"rendered":"Caban vintage de la Marine Nationale tribute to Angela"},"content":{"rendered":"<p>Direction l&rsquo;oc\u00e9an il y a 30 ans. Nous avons d\u00e9got\u00e9 pour vous un authentique caban de la Marine Nationale, en laine. Avec le petit bouton de fouyrrag\u00e8re, ses grades et de son arme d&rsquo;appartenance. Il est en \u00e9tat impeccable et agr\u00e9ment\u00e9 d&rsquo;un patch tie and dye effil\u00e9. Nous en avons fait une pi\u00e8ce d\u2019exception avec sa s\u00e9rigraphie \u00ab\u00a0Angela Davis\u00a0\u00bb ode \u00e0 la libert\u00e9. Le travail sur les fils apporte un charme suppl\u00e9mentaire \u00e0 cette pi\u00e8ce.<\/p>\n<p>Ce caban doubl\u00e9 dispose de deux poches hautes ext\u00e9rieures et d&rsquo;une poche int\u00e9rieure.<\/p>\n<p>En laine, chaud et protecteur \u00e0 souhait.<\/p>\n<p><strong>La taille est un 48, un M. <\/strong><\/p>\n<p><strong>D&rsquo;\u00e9paule \u00e0 \u00e9paule : 48 cm<\/strong><\/p>\n<p><strong>La longueur des manches : 65 cm<\/strong><\/p>\n<p><strong>De la base du col au bas du v\u00eatement, 80 cm<\/strong><\/p>\n<p>\u00c0 vos rubans mesureurs, indispensables pour tous les achats en ligne !<\/p>\n<p>Pour sublimer ce caban, les artisans de Yestoday ont r\u00e9alis\u00e9 plusieurs s\u00e9rigraphies :\u00a0 dans le dos avec le patch effil\u00e9 Angela, le logo <em>be rare<\/em> devant en haut \u00e0 droite,\u00a0 <em>Yestoday<\/em> sur le haut de la manche droite et bien s\u00fbr l\u2019\u00e9tiquette int\u00e9rieure coquine et son num\u00e9rotage \u00e0 la main, \u00e0 l&rsquo;int\u00e9rieur.<\/p>\n<p>Pour que la libert\u00e9 soit notre credo, tout le temps !<\/p>\n<p>Tous les produits Yestoday sont imprim\u00e9s \u00e0 la main dans la tradition artisanale Montreuilloise.<\/p>\n<p>Unique piece.<\/p>\n<p>Pour la taille, on a essay\u00e9 d&rsquo;\u00eatre le plus pr\u00e9cis possible. Mais n\u2019h\u00e9sitez pas \u00e0 nous envoyer un petit mail si vous d\u00e9sirez avoir plus d&rsquo;informations.<\/p>\n<p>Ce caban est pour tous-tes.<\/p>","protected":false},"excerpt":{"rendered":"<p>Une caban de la Marine Nationale, made in France.<\/p>\n<p>En laine<\/p>\n<p>Taille 48<\/p>\n<p>Un patche effil\u00e9 s\u00e9rigraphi\u00e9<\/p>\n<p>Que la libert\u00e9 perdure avec Angela Davis<\/p>","protected":false},"featured_media":7872,"template":"","meta":{"_uag_custom_page_level_css":""},"product_brand":[],"product_cat":[309,248,311,334],"product_tag":[698,339,346,355,165,167,571,209,576,690,695,696,697,338],"class_list":{"0":"post-7870","1":"product","2":"type-product","3":"status-publish","4":"has-post-thumbnail","6":"product_cat-a-la-une","7":"product_cat-upcycling","8":"product_cat-pieces-uniques","9":"product_cat-jackets","10":"product_tag-laine","11":"product_tag-veste-de-travail","12":"product_tag-chore-jacket","13":"product_tag-upcycling","14":"product_tag-serigraphie","15":"product_tag-silkscreen","16":"product_tag-angela-davis","17":"product_tag-droits-civiques","18":"product_tag-liberte","19":"product_tag-marine-nationale","20":"product_tag-80s","21":"product_tag-caban","22":"product_tag-patch-effile","23":"product_tag-veste","25":"first","26":"instock","27":"taxable","28":"shipping-taxable","29":"purchasable","30":"product-type-simple"},"uagb_featured_image_src":{"full":["https:\/\/yestoday.fr\/wp-content\/uploads\/2024\/11\/Caban_marine_nationale_48_patch_angela_face.png",2225,2503,false],"thumbnail":["https:\/\/yestoday.fr\/wp-content\/uploads\/2024\/11\/Caban_marine_nationale_48_patch_angela_face-150x150.png",150,150,true],"medium":["https:\/\/yestoday.fr\/wp-content\/uploads\/2024\/11\/Caban_marine_nationale_48_patch_angela_face-267x300.png",267,300,true],"medium_large":["https:\/\/yestoday.fr\/wp-content\/uploads\/2024\/11\/Caban_marine_nationale_48_patch_angela_face-768x864.png",640,720,true],"large":["https:\/\/yestoday.fr\/wp-content\/uploads\/2024\/11\/Caban_marine_nationale_48_patch_angela_face-910x1024.png",640,720,true],"1536x1536":["https:\/\/yestoday.fr\/wp-content\/uploads\/2024\/11\/Caban_marine_nationale_48_patch_angela_face-1365x1536.png",1365,1536,true],"2048x2048":["https:\/\/yestoday.fr\/wp-content\/uploads\/2024\/11\/Caban_marine_nationale_48_patch_angela_face-1821x2048.png",1821,2048,true],"trp-custom-language-flag":["https:\/\/yestoday.fr\/wp-content\/uploads\/2024\/11\/Caban_marine_nationale_48_patch_angela_face-11x12.png",11,12,true],"woocommerce_thumbnail":["https:\/\/yestoday.fr\/wp-content\/uploads\/2024\/11\/Caban_marine_nationale_48_patch_angela_face-300x337.png",300,337,true],"woocommerce_single":["https:\/\/yestoday.fr\/wp-content\/uploads\/2024\/11\/Caban_marine_nationale_48_patch_angela_face-600x675.png",600,675,true],"woocommerce_gallery_thumbnail":["https:\/\/yestoday.fr\/wp-content\/uploads\/2024\/11\/Caban_marine_nationale_48_patch_angela_face-100x100.png",100,100,true]},"uagb_author_info":{"display_name":"Mcmontreuil","author_link":"https:\/\/yestoday.fr\/en\/author\/"},"uagb_comment_info":0,"uagb_excerpt":"Une caban de la Marine Nationale, made in France. En laine Taille 48 Un patche effil\u00e9 s\u00e9rigraphi\u00e9 Que la libert\u00e9 perdure avec Angela Davis","_links":{"self":[{"href":"https:\/\/yestoday.fr\/en\/wp-json\/wp\/v2\/product\/7870","targetHints":{"allow":["GET"]}}],"collection":[{"href":"https:\/\/yestoday.fr\/en\/wp-json\/wp\/v2\/product"}],"about":[{"href":"https:\/\/yestoday.fr\/en\/wp-json\/wp\/v2\/types\/product"}],"wp:featuredmedia":[{"embeddable":true,"href":"https:\/\/yestoday.fr\/en\/wp-json\/wp\/v2\/media\/7872"}],"wp:attachment":[{"href":"https:\/\/yestoday.fr\/en\/wp-json\/wp\/v2\/media?parent=7870"}],"wp:term":[{"taxonomy":"product_brand","embeddable":true,"href":"https:\/\/yestoday.fr\/en\/wp-json\/wp\/v2\/product_brand?post=7870"},{"taxonomy":"product_cat","embeddable":true,"href":"https:\/\/yestoday.fr\/en\/wp-json\/wp\/v2\/product_cat?post=7870"},{"taxonomy":"product_tag","embeddable":true,"href":"https:\/\/yestoday.fr\/en\/wp-json\/wp\/v2\/product_tag?post=7870"}],"curies":[{"name":"wp","href":"https:\/\/api.w.org\/{rel}","templated":true}]}}

<p>Direction l&rsquo;océan il y a 30 ans. Nous avons dégoté pour vous un authentique caban de la Marine Nationale, en laine. Avec le petit bouton de fouyrragère, ses grades et de son arme d&rsquo;appartenance. Il est en état impeccable et agrémenté d&rsquo;un patch tie and dye effilé. Nous en avons fait une pièce d’exception avec sa sérigraphie « Angela Davis » ode à la liberté. Le travail sur les fils apporte un charme supplémentaire à cette pièce.</p>
<p>Ce caban doublé dispose de deux poches hautes extérieures et d&rsquo;une poche intérieure.</p>
<p>En laine, chaud et protecteur à souhait.</p>
<p><strong>La taille est un 48, un M. </strong></p>
<p><strong>D&rsquo;épaule à épaule : 48 cm</strong></p>
<p><strong>La longueur des manches : 65 cm</strong></p>
<p><strong>De la base du col au bas du vêtement, 80 cm</strong></p>
<p>À vos rubans mesureurs, indispensables pour tous les achats en ligne !</p>
<p>Pour sublimer ce caban, les artisans de Yestoday ont réalisé plusieurs sérigraphies :  dans le dos avec le patch effilé Angela, le logo <em>be rare</em> devant en haut à droite,  <em>Yestoday</em> sur le haut de la manche droite et bien sûr l’étiquette intérieure coquine et son numérotage à la main, à l&rsquo;intérieur.</p>
<p>Pour que la liberté soit notre credo, tout le temps !</p>
<p>Tous les produits Yestoday sont imprimés à la main dans la tradition artisanale Montreuilloise.</p>
<p>Unique piece.</p>
<p>Pour la taille, on a essayé d&rsquo;être le plus précis possible. Mais n’hésitez pas à nous envoyer un petit mail si vous désirez avoir plus d&rsquo;informations.</p>
<p>Ce caban est pour tous-tes.</p>

<p>Une caban de la Marine Nationale, made in France.</p>
<p>En laine</p>
<p>Taille 48</p>
<p>Un patche effilé sérigraphié</p>
<p>Que la liberté perdure avec Angela Davis</p>

Une caban de la Marine Nationale, made in France. En laine Taille 48 Un patche effilé sérigraphié Que la liberté perdure avec Angela Davis
